hat is the highest common divisor of 72 and 2061?
9
Calculate the greatest common divisor of 304 and 2560.
16
What is the greatest common factor of 7218 and 18?
18
What is the greatest common divisor of 336 and 2408?
56
Calculate the highest common divisor of 8866 and 66.
22
Calculate the greatest common divisor of 47 and 2209.
47
What is the highest common factor of 46 and 1403?
23
Calculate the greatest common factor of 30 and 702.
6
What is the greatest common factor of 960 and 120?
120
Calculate the greatest common divisor of 48 and 240.
48
What is the highest common divisor of 529 and 1771?
23
What is the greatest common divisor of 4060 and 190?
10
Calculate the highest common divisor of 6059 and 83.
83
Calculate the greatest common divisor of 58397 and 23.
23
Calculate the highest common divisor of 24 and 480.
24
What is the highest common divisor of 864 and 54?
54
What is the highest common divisor of 5994 and 148?
74
What is the highest common factor of 176 and 112?
16
Calculate the highest common factor of 126 and 11018.
14
What is the highest common divisor of 17 and 901?
17
What is the highest common factor of 588 and 252?
84
What is the greatest common divisor of 272 and 48?
16
Calculate the greatest common factor of 518 and 37.
37
Calculate the greatest common factor of 27 and 90.
9
What is the highest common factor of 33 and 2574?
33
Calculate the highest common divisor of 2115 and 585.
45
What is the highest common divisor of 3384 and 12784?
376
Calculate the greatest common factor of 20 and 145.
5
What is the greatest common factor of 368 and 1012?
92
What is the highest common divisor of 88 and 1617?
11
Calculate the greatest common divisor of 12 and 138.
6
Calculate the highest common factor of 29113 and 7.
7
Calculate the greatest common divisor of 105 and 7035.
105
What is the highest common factor of 275 and 10?
5
Calculate the highest common factor of 14220 and 24.
12
Calculate the highest common factor of 12 and 123.
3
What is the greatest common factor of 9 and 2817?
9
What is the greatest common divisor of 50 and 10?
10
What is the greatest common divisor of 295 and 177?
59
What is the greatest common divisor of 2877 and 21?
21
What is the greatest common factor of 9841 and 13?
13
Calculate the greatest common factor of 7 and 210.
7
What is the highest common factor of 363 and 15?
3
Calculate the greatest common factor of 2775 and 225.
75
What is the greatest common divisor of 168 and 42?
42
Calculate the greatest common factor of 2114 and 7.
7
What is the highest common factor of 25 and 1?
1
What is the highest common factor of 139 and 12510?
139
Calculate the greatest common factor of 41 and 256.
1
Calculate the greatest common factor of 19879 and 103.
103
Calculate the greatest common factor of 22 and 10.
2
Calculate the highest common factor of 31746 and 99.
33
What is the greatest common factor of 473 and 43?
43
What is the highest common divisor of 2268 and 28?
28
Calculate the greatest common divisor of 1712 and 144.
16
What is the highest common divisor of 11484 and 464?
116
Calculate the highest common divisor of 44 and 20.
4
What is the greatest common divisor of 1902 and 30?
6
What is the greatest common divisor of 68 and 22508?
68
Calculate the greatest common divisor of 24 and 159.
3
Calculate the highest common factor of 506 and 92.
46
What is the highest common divisor of 47 and 1363?
47
Calculate the highest common factor of 8151 and 399.
57
What is the highest common factor of 276 and 4002?
138
What is the greatest common divisor of 7178 and 666?
74
Calculate the highest common factor of 72 and 558.
18
Calculate the greatest common factor of 24 and 600.
24
Calculate the greatest common divisor of 41874 and 28.
14
Calculate the highest common divisor of 3948 and 4.
4
Calculate the greatest common factor of 23 and 1564.
23
Calculate the highest common divisor of 672 and 252.
84
Calculate the greatest common factor of 70 and 224.
14
Calculate the greatest common divisor of 4 and 14.
2
What is the highest common factor of 9 and 534?
3
Calculate the greatest common divisor of 6540 and 15.
15
Calculate the highest common divisor of 728 and 52.
52
What is the greatest common divisor of 123 and 2829?
123
What is the highest common divisor of 2 and 194?
2
What is the greatest common divisor of 598 and 325?
13
What is the greatest common factor of 16 and 68?
4
What is the greatest common divisor of 108 and 8508?
12
Calculate the highest common factor of 160 and 48.
16
What is the greatest common divisor of 7252 and 592?
148
What is the greatest common divisor of 8 and 816?
8
What is the greatest common divisor of 31 and 837?
31
Calculate the greatest common factor of 11 and 979.
11
What is the greatest common divisor of 366 and 25071?
183
Calculate the highest common divisor of 11288 and 40.
8
Calculate the greatest common divisor of 18 and 558.
18
What is the highest common factor of 18 and 846?
18
What is the greatest common factor of 4448 and 160?
32
What is the highest common factor of 602 and 688?
86
What is the greatest common factor of 928 and 5336?
232
Calculate the highest common factor of 395 and 158.
79
Calculate the greatest common factor of 3328 and 26.
26
What is the highest common factor of 106 and 1431?
53
Calculate the highest common divisor of 240 and 16.
16
Calculate the highest common divisor of 16613 and 37.
37
Calculate the greatest common factor of 15 and 240.
15
Calculate the highest common divisor of 20 and 2.
2
Calculate the highest common divisor of 108 and 16.
4
What is the greatest common divisor of 792 and 72?
72
What is the highest common divisor of 56610 and 612?
306
What is the highest common divisor of 275 and 1265?
55
Calculate the greatest common divisor of 255 and 15.
15
Calculate the highest common factor of 14930 and 10.
10
Calculate the highest common divisor of 115 and 644.
23
What is the highest common divisor of 664 and 8?
8
Calculate the highest common divisor of 9 and 252.
9
What is the greatest common factor of 3 and 39?
3
What is the highest common factor of 1239 and 42?
21
Calculate the highest common factor of 2863 and 7.
7
Calculate the highest common factor of 264 and 120.
24
What is the highest common divisor of 303 and 202?
101
Calculate the greatest common factor of 711 and 16116.
237
What is the highest common divisor of 92 and 24?
4
Calculate the highest common divisor of 160 and 40.
40
Calculate the greatest common divisor of 1 and 181.
1
What is the greatest common divisor of 129 and 3?
3
What is the greatest common factor of 286 and 104?
26
What is the highest common factor of 324 and 36?
36
Calculate the highest common divisor of 6 and 318.
6
Calculate the highest common divisor of 1212 and 60.
12
Calculate the highest common factor of 9320 and 40.
40
What is the highest common factor of 316 and 6478?
158
What is the greatest common factor of 9 and 207?
9
Calculate the highest common factor of 16 and 22.
2
What is the greatest common divisor of 6 and 134?
2
Calculate the greatest common factor of 1813 and 37.
37
What is the highest common factor of 63 and 168?
21
Calculate the highest common divisor of 9 and 9441.
9
Calculate the highest common divisor of 178 and 34.
2
What is the greatest common factor of 371 and 7?
7
Calculate the highest common divisor of 264 and 972.
12
What is the greatest common factor of 392 and 637?
49
Calculate the highest common divisor of 11640 and 600.
120
Calculate the highest common divisor of 12 and 186.
6
What is the highest common divisor of 12 and 153?
3
Calculate the greatest common factor of 106 and 14734.
106
Calculate the highest common factor of 3780 and 63.
63
Calculate the highest common divisor of 1647 and 122.
61
What is the greatest common factor of 747 and 117?
9
Calculate the highest common divisor of 50 and 650.
50
Calculate the highest common divisor of 55 and 4213.
11
What is the greatest common factor of 6159 and 9?
3
What is the highest common factor of 6 and 558?
6
Calculate the highest common factor of 1730 and 10.
10
What is the greatest common factor of 2714 and 118?
118
Calculate the greatest common factor of 57 and 9.
3
What is the highest common factor of 423 and 3?
3
What is the highest co